 = -j(i) + 5*z(i). Is g(-3) a prime number?
True
Let o(q) be the second derivative of q**4/12 + q**3/6 + 91*q**2/2 + 4*q. Is o(0) a prime number?
False
Let y = 1057 - -1260. Is y prime?
False
Suppose 3*n + 11 = f, -n + 3*n + 6 = 2*f. Let l be n/(-10) - (-111)/(-15). Let x = 24 - l. Is x a prime number?
True
Let s = -45 - -88. Let k be (-2)/9 - (-38)/9. Suppose -b + k = -s. Is b a composite number?
False
Let l be ((-2)/(-6))/((-2)/(-12)). Let n = -18 - -31. Suppose l*m + 3*y = m + n, -4*m + 88 = 3*y. Is m a prime number?
False
Let r = -1044 - -1951. Is r a prime number?
True
Let x = -20 - -219. Is x composite?
False
Let f(g) = g**2 - 4*g - g**2 + 5*g**2 + 3 + 8*g + g**3. Let i be f(-4). Suppose 2*w = -i*w + 255. Is w a prime number?
False
Let q = 358 + 801. Is q prime?
False
Suppose 12 = 3*g + g. Suppose 0 = g*z - 7*z + 356. Is z a prime number?
True
Let t(r) = r**3 - 2*r**2 - r - 1. Let v be t(3). Suppose w + v*x - 12 = 0, -24 = -2*w + 2*x + 60. Is w a composite number?
False
Suppose 109 = -0*n - n. Is (3 + n)/(-2) - 0 prime?
True
Suppose 1851 + 4769 = 4*d. Is d a prime number?
False
Suppose -4 = n - 5. Let q(p) = n + 5*p**2 - 2*p - 5*p - 4*p**2. Is q(-6) a composite number?
False
Is 2*(1274/4 - -2) a composite number?
False
Let s = 4 + 1. Suppose s*d + 1 = -2*w, -2*d = -4*w - 0*d - 14. Is (114/w)/(0 - 2) prime?
True
Is (-168 + 5)/((-2)/6) a prime number?
False
Suppose 0 = -0*k + 2*k - 32. Let f = 94 + k. Suppose 5*j - f = 3*j. Is j prime?
False
Let v(z) = -z**2 - 5*z - 2. Let h be v(-3). Suppose -h*o + 2*x + 888 = 0, 6*x - 902 = -4*o + x. Is o composite?
False
Let q(u) = 316*u**2 + 2*u - 1. Is q(-2) a prime number?
True
Suppose -5*s = 4 + 6. Let n(m) = -452*m + 1. Is n(s) a composite number?
True
Let r(a) = -55*a. Is r(-1) a composite number?
True
Let y = -262 - -827. Is y prime?
False
Suppose -7064 = -8*a - 2368. Is a prime?
True
Let o = 3 + -14. Let n(f) = f**2 + 2*f - 8. Is n(o) composite?
True
Let j be 0 - 12/(1 - 3). Is 0 + 106 - (j - 6) a prime number?
False
Suppose -6*x + 10901 = 5*x. Is x prime?
True
Let n be (-5)/(2*1/(-2)). Suppose 2*m = n*m - 429. Is m a prime number?
False
Let b(s) = s**3 - s**2 + s + 20. Let h be b(0). Let p(i) = -30*i - 110*i + h*i - 26*i + 1. Is p(-2) a composite number?
False
Suppose u + 13 = -z, -u - 2*u = 2*z + 28. Let q = 8 - z. Is q prime?
True
Let j(d) = d**2 + d - 5. Let g be j(10). Is (-4 - 1)*g/(-25) composite?
True
Let m = 87 + 180. Is m prime?
False
Suppose 4*i = -3*l + 3*i + 4, -i = -5*l + 20. Let k(a) = -6 - l*a + 4 + 9. Is k(-5) a composite number?
True
Let v(y) = -13*y - 2. Let k = -1 - -3. Let h be v(k). Is 1 + -12*h/6 composite?
True
Is ((-12)/(-8))/((-9)/(-6702)) a composite number?
False
Suppose 5*l - 20 = 0, -3*i - l + 1013 = 4*l. Suppose -2*h = i - 1041. Is h composite?
True
Let d(n) = -n**3 + 20*n**2 - 24*n - 5. Suppose -2*b = -60 + 24. Is d(b) prime?
True
Let a(u) = 31 + 0*u - 3*u + 3*u + u. Is a(0) a composite number?
False
Let b be 2 - (-1 - 1*352). Suppose p = -4*p + b. Let y = -16 + p. Is y composite?
True
Let t = -45 + 21. Is 129*-4*2/t a composite number?
False
Let f = 6 + -3. Suppose -4*k + f*k = 0. Let r(x) = -x**2 + x + 23. Is r(k) a composite number?
False
Let u(c) = -19*c + 13. Let i = -11 + 5. Is u(i) prime?
True
Let o(u) = 7*u**2 - 2*u. Let s be o(2). Let m be ((-3)/2)/((-9)/s). Suppose -2*d + 69 = a, 0 = -m*d - 6*a + 3*a + 133. Is d prime?
True
Suppose 2*h - 18 = -m - 3*h, 2*m - 84 = 2*h. Is m prime?
False
Let q(w) = -w**3 - 4*w**2 + 5*w + 8. Let v be q(-6). Let i be -5 - -12 - (0 - -3). Suppose -k + 96 = 3*p - v, i*p + 153 = k. Is k prime?
True
Suppose 3*n = 4*n + 50. Let b = n - -115. Is b a composite number?
True
Suppose -4*p = -5*j - 181, 5*p - 3*j - 100 - 110 = 0. Suppose 4*h = 181 + p. Is h a prime number?
False
Suppose -2*b = -2*p + 6*p - 2, 0 = -4*b - 5*p - 11. Let j = -6 - b. Suppose 15 = f + 3*g, -j*f - 6*g + 57 = -3*g. Is f a composite number?
True
Let j = 2 + -8. Let m be (-1)/(-2)*(17 - -1). Let p = j + m. Is p composite?
False
Suppose 0 = 2*r + 6 + 2, -3*w - 2*r + 27373 = 0. Is w a composite number?
False
Is ((-1)/(-2))/(12/13512) composite?
False
Suppose 0 = -4*m + 5*k - 7, 0 = -0*m + 4*m + 5*k - 23. Suppose u = -t - 25 + 105, 0 = -3*u - m*t + 239. Is u prime?
True
Let o = 292 - 73. Is o composite?
True
Suppose -2*w - 4*k + 8 = -0*k, -4*k + 8 = 0. Is (w - 57)/(-3) - -2 composite?
True
Let v(s) = 2 + s - 34*s**2 + 86*s**2 - 2. Is v(-1) prime?
False
Let y be -15*(4/12)/(-1). Suppose 2*f + 8 = u, -f - 22 = -y*u - 0*u. Is u composite?
True
Suppose -4*p + 2*p + 12 = 0. Suppose -4*i + p*s - s + 187 = 0, -i = -2*s - 43. Is i a prime number?
True
Let h = 228 - -611. Is h a composite number?
False
Suppose -6*l - 10 = -4*l. Is (116/l)/((-14)/35) a prime number?
False
Suppose 4*v - 15 = -v. Let c(a) = v*a**2 - 3 - a**3 - a**2 - 6*a**2 - a + 2. Is c(-4) a prime number?
True
Is -1 + -3 + (9558/(-3))/(-6) composite?
True
Suppose 3*s = 6*s - 615. Is s composite?
True
Is (-4 + 31218/6)*3/9 prime?
True
Let t(i) = -22*i**2 - 3*i + 5. Let j(s) = -65*s**2 - 8*s + 15. Let c(r) = -6*j(r) + 17*t(r). Is c(-4) a composite number?
False
Let m(i) be the first derivative of -25*i**2/2 - 3*i - 2. Is m(-2) composite?
False
Is -1*4/(-32) + (-329)/(-56) composite?
True
Let n(g) = 4*g**2 - 4*g + 5. Suppose 7 + 9 = 4*y. Is n(y) composite?
False
Suppose 0*w - 2051 = -w. Is w a composite number?
True
Suppose 141 - 1099 = -2*u. Is u a composite number?
False
Suppose 10*z - 8*z = 0. Let d(h) = h + 177. Is d(z) a composite number?
True
Let c = 24 + -43. Let n be c - (2 - 2 - 1). Let o = 15 - n. Is o composite?
True
Let o be -5 + 4 - 62*-1. Is o + (4 - (3 + 0)) a composite number?
True
Let j = 29 + 329. Is j composite?
True
Suppose y = 5*s + 5 + 7, -3*s = 2*y + 28. Is (844/10)/(y/(-20)) a prime number?
True
Let r = 6 + -6. Suppose 2*u + r*u = 4. Suppose n - 3 = -0*n + u*h, 5*n - 42 = h. Is n a prime number?
False
Let f(j) be the first derivative of -2 + 7*j + j**3 + 1/2*j**2. Is f(-5) prime?
False
Let b = -85 - -244. Suppose r = 4*r - b. Is r composite?
False
Let x(u) = 5*u + 32. Is x(13) prime?
True
Let c(a) = a**3 + 13*a**2 - 6*a - 1. Is c(-6) composite?
True
Let d(p) = -p - 10. Let r be d(-6). Let u be (3 - 1)*r/4. Is u*387/(-6) + 2 prime?
True
Suppose 3*f + f + 108 = 0. Let h be (4/6)/((-6)/f). Is 1/h + (-544)/(-6) prime?
False
Let v = 40 + -7. Is (1 + -2)/((-1)/v) prime?
False
Let t(g) = -g**2 + 7*g. Let j be t(6). Let v be 2/6 + 28/j. Suppose 6*c = c + v*m + 80, 3*c = 5*m + 42. Is c a composite number?
False
Let z(r) = -2*r - 2. Let h be z(-2). Suppose o - 63 = 4*y, -3*y = 3*o - h*y - 215. Is o a prime number?
True
Let l(s) = -s**3 + 8*s + 7. Let n be l(-6). Suppose u = -0*u + n. Suppose 0 = -3*w + 8*w - u. Is w a composite number?
True
Let k be (1 + 0)*2/2. Suppose 5*f + k = -4. Is (0 - f) + (-2 - -144) prime?
False
Suppose -12 = v + 2*k - 1, -v + 5*k = -3. Is 79/(-2)*(v - -5) prime?
True
Suppose 2*d = -2*d + 12. Suppose k = d, -4*b - 22 = -3*k - 369. Is b a composite number?
False
Let x(v) = 4*v**3 - 7*v**2 + 6*v - 8. Is x(9) composite?
True
Let w be -1 - -613 - (-4)/(-2). Suppose -4*u - l - 121 - w = 0, -3*u + 4*l - 553 = 0. Is ((-20)/(-2))/((-6)/u) composite?
True
Suppose 8*t - 194 = 7*t. Is t a prime number?
False
Let v(z) = -z. Let h(i) = 2*i - 1. Let u(p) = -5*h(p) - 4*v(p). Let x be u(-5). Suppose -n - 10 + x = 0. Is n a composite number?
True
Let k = 86 - -895. Suppose 3*n - 5*f - k = 0, -708 = -5*n - 2*f + 927. Is n composite?
True
Suppose -6*l = 4692 - 31902. Is l a prime number?
False
Let b = 3 - 3. Is b - (1 + 0) - -164 prime?
True
Is (-46)/4*(-2 + 0) a composite number?
False
Let n(q) = 6*q**2 - 3*q + 1. Is n(4) a prime number?
False
Let f(l) = l + 6. Let p be f(-6). Let u = 304 + -215. Is u/(2 - (1 - p)) prime?
True
Let t(z) = -16*z**3 + z. Suppose 5*x = 1 - 6. Is t(x) prime?
False
Suppose 5*i + 2*c + 465 = -84, -4*i - 4*c - 444 = 0. Let q = i - -162. Is q a composite number?
False
Suppose 0 = -q - 4*q + 335. Let d = q + 154. Is d prime?
False
Suppose -3*b - 78 = -5*b. Suppose 223 = 4*h - t, -h = 4*t - b - 4. Is h composite?
True
Is ((-4)/(-8))/(2/6556) composite?
True
Let r(s) be the second derivative of -s**5/20 + 2*s**4/3 - 5*s**3/6 - 9*s**2/2 + 2*s. Let x be r(7). Let m